t the prime factors of 1713681040.
2, 5, 103, 207971
What are the prime factors of 5033854805?
5, 7, 569, 252767
List the prime factors of 6348471523.
23, 139, 1985759
List the prime factors of 3277544189.
17, 271, 711427
List the prime factors of 250061722.
2, 29, 4311409
What are the prime factors of 2251468505?
5, 11, 13, 23, 29, 4721
What are the prime factors of 48703978?
2, 3917, 6217
List the prime factors of 22165789.
41, 540629
What are the prime factors of 759076606?
2, 379538303
List the prime factors of 1015902756.
2, 3, 11, 41, 20857
What are the prime factors of 456729304?
2, 5743, 9941
List the prime factors of 1631066282.
2, 43, 18965887
List the prime factors of 156530163.
3, 47, 613, 1811
What are the prime factors of 683645850?
2, 3, 5, 1519213
List the prime factors of 4872738569.
37, 823, 160019
List the prime factors of 2246021863.
19, 53, 2230409
What are the prime factors of 102254589?
3, 83, 103, 443
What are the prime factors of 1114104423?
3, 227, 1635983
What are the prime factors of 1695278538?
2, 3, 79, 263, 1511
What are the prime factors of 566281292?
2, 59, 2399497
What are the prime factors of 18187386?
2, 3, 7, 433033
List the prime factors of 3679578297.
3, 8081, 50593
What are the prime factors of 1986460710?
2, 3, 5, 13, 17, 299617
List the prime factors of 150422490.
2, 3, 5, 349, 4789
List the prime factors of 3201486885.
3, 5, 71144153
What are the prime factors of 2329103608?
2, 13, 179, 125113
What are the prime factors of 63582535?
5, 2857, 4451
What are the prime factors of 152732683?
373, 409471
List the prime factors of 30118813.
2371, 12703
List the prime factors of 3158895146.
2, 11, 9293, 15451
List the prime factors of 119995273.
1699, 70627
List the prime factors of 190495.
5, 31, 1229
List the prime factors of 523975380.
2, 3, 5, 8732923
List the prime factors of 117527912.
2, 3803, 3863
What are the prime factors of 1993692885?
3, 5, 3109, 42751
List the prime factors of 1278169168.
2, 79885573
What are the prime factors of 5100717071?
107, 47670253
List the prime factors of 76257694.
2, 38128847
List the prime factors of 523434473.
31, 61, 131, 2113
What are the prime factors of 53999723?
349, 154727
List the prime factors of 3803908910.
2, 5, 149, 2552959
List the prime factors of 123817869.
3, 7, 655121
List the prime factors of 1670371.
29, 239, 241
What are the prime factors of 35808603?
3, 479, 24919
List the prime factors of 85353631.
11, 83, 93487
What are the prime factors of 288247351?
7, 479, 12281
List the prime factors of 2155243559.
7, 1511, 203767
What are the prime factors of 872267833?
83, 10509251
What are the prime factors of 42601244?
2, 7, 23, 83, 797
What are the prime factors of 53124119?
37, 1435787
List the prime factors of 39125937.
3, 31, 257, 1637
What are the prime factors of 337820813?
11, 1609, 19087
What are the prime factors of 1441589031?
3, 5591, 28649
List the prime factors of 145347740.
2, 5, 43, 169009
List the prime factors of 131433832.
2, 761, 21589
List the prime factors of 45481021.
433, 105037
What are the prime factors of 147698453?
7, 21099779
List the prime factors of 39988573.
17, 2352269
What are the prime factors of 111687756?
2, 3, 17, 37, 14797
List the prime factors of 77777699.
77777699
List the prime factors of 74542724.
2, 23, 31, 59, 443
What are the prime factors of 2250520932?
2, 3, 11, 17049401
What are the prime factors of 9393245?
5, 29, 64781
What are the prime factors of 82888336?
2, 19, 272659
List the prime factors of 584789622.
2, 3, 257, 541, 701
List the prime factors of 144348036.
2, 3, 7, 1718429
What are the prime factors of 184248451?
1571, 117281
What are the prime factors of 3701469015?
3, 5, 73, 375593
What are the prime factors of 78896419?
7, 1610131
What are the prime factors of 3306170570?
2, 5, 17389, 19013
List the prime factors of 296507767.
1009, 293863
List the prime factors of 2512344511.
37, 67901203
What are the prime factors of 120668244?
2, 3, 17, 31, 19081
What are the prime factors of 377053355?
5, 7, 10772953
List the prime factors of 1629679444.
2, 23, 17713907
List the prime factors of 52943765.
5, 7, 30871
What are the prime factors of 501380581?
13, 2966749
List the prime factors of 566949648.
2, 3, 11811451
List the prime factors of 247562060.
2, 5, 12378103
What are the prime factors of 25734717?
3, 2859413
What are the prime factors of 4871352426?
2, 3, 3701, 219371
List the prime factors of 78904382.
2, 39452191
What are the prime factors of 415026787?
7, 59289541
What are the prime factors of 82286436?
2, 3, 6857203
What are the prime factors of 2785147874?
2, 193, 607, 11887
What are the prime factors of 221054345?
5, 44210869
What are the prime factors of 770282495?
5, 17, 73, 124139
What are the prime factors of 80884589?
17, 349, 13633
What are the prime factors of 367339706?
2, 17, 10804109
List the prime factors of 3816228801.
3, 7, 11, 43, 53, 659
What are the prime factors of 922684?
2, 7, 31, 1063
What are the prime factors of 197335481?
7, 2713, 10391
List the prime factors of 446100727.
3011, 148157
What are the prime factors of 416019822?
2, 3, 1609, 43093
List the prime factors of 576073285.
5, 115214657
List the prime factors of 57916178.
2, 17, 97, 1033
List the prime factors of 40311586.
2, 7, 2879399
What are the prime factors of 525860864?
2, 17, 59
List the prime factors of 2783862468.
2, 3, 137, 564449
List the prime factors of 1436876026.
2, 19, 1990133
List the prime factors of 1323925779.
3, 11, 17, 83, 28433
What are the prime factors of 4531665751?
4531665751
List the prime factors of 42667914.
2, 3, 61, 116579
List the prime factors of 104356488.
2, 3, 727, 5981
List the prime factors of 54489334.
2, 83, 328249
List the prime factors of 42049827.
3, 127, 12263
What are the prime factors of 43885122?
2, 3, 47, 155621
List the prime factors of 31445328.
2, 3, 655111
What are the prime factors of 39088078?
2, 19544039
List the prime factors of 157049539.
137, 1146347
List the prime factors of 705966473.
705966473
List the prime factors of 1574214706.
2, 26839, 29327
What are the prime factors of 1567925764?
2, 37, 811, 13063
What are the prime factors of 172282089?
3, 7, 277, 4231
List the prime factors of 12951547.
7, 89, 20789
What are the prime factors of 1329160607?
1329160607
What are the prime factors of 34740933?
3, 673, 17207
List the prime factors of 975506508.
2, 3, 151, 179453
List the prime factors of 3425252213.
1931, 1773823
What are the prime factors of 42619667?
23, 71, 26099
List the prime factors of 439330663.
439330663
What are the prime factors of 1692697664?
2, 7, 3778343
List the prime factors of 205493277.
3, 11, 6227069
What are the prime factors of 3186046654?
2, 7, 19, 33179
What are the prime factors of 288158978?
2, 19, 79, 95989
What are the prime factors of 37783203?
3, 31, 406271
What are the prime factors of 215042929?
107, 2009747
What are the prime factors of 834052926?
2, 3, 7, 1087, 18269
What are the prime factors of 45684823?
45684823
List the prime factors of 227717709.
3, 347, 218749
What are the prime factors of 276531912?
2, 3, 3840721
What are the prime factors of 1073119916?
2, 11, 547, 44587
List the prime factors of 26698320.
2, 3, 5, 11, 3371
What are the prime factors of 48996077?
13, 3768929
List the prime factors of 60651257.
17, 3567721
What are the prime factors of 432905989?
432905989
What are the prime factors of 760343320?
2, 5, 11, 569, 3037
What are the prime factors of 240411019?
23, 2311, 4523
What are the prime factors of 4714171482?
2, 3, 97, 929, 8719
What are the prime factors of 620932840?
2, 5, 11, 23, 61357
What are the prime factors of 528253369?
7, 1321, 8161
What are the prime factors of 1155677778?
2, 3, 64204321
List the prime factors of 236865460.
2, 5, 13, 449, 2029
What are the prime factors of 1016121217?
109, 937, 9949
List the prime factors of 295419926.
2, 29, 5093447
List the prime factors of 3809565305.
5, 7, 13, 8372671
What are the prime factors of 1908627019?
13, 11293651
List the prime factors of 49205242.
2, 17, 1447213
What are the prime factors of 118083315?
3, 5, 7, 1124603
What are the prime factors of 2605433937?
3, 868477979
What are the prime factors of 36601800?
2, 3, 5, 